 x(p) be the second derivative of -11*p**3/6 - 3*p. What is the units digit of x(-4)?
4
Let i(w) = w**2 - w. Let l be i(1). Let j be l + -1 - (0 - 3). Suppose -j*g + g = -5. What is the units digit of g?
5
Let v(s) = -s**3 - 7*s**2 - 6*s + 7. Let t be (-27)/4 + (-9)/(-12). Let h be v(t). Suppose -2*y + 7*y = -3*w + h, 2*y + 1 = -5*w. What is the units digit of y?
2
Let t(n) = n**2 + 14*n - 17. What is the tens digit of t(-17)?
3
Suppose 17 = y - 4*q, -2*y - 1 = -0*y - q. What is the tens digit of -7*(0 + y - 0)?
2
Suppose -4 = 2*k - 0*k. Let z = k + 7. What is the units digit of z?
5
Let k = -31 + 61. What is the tens digit of 4/5 - (-1446)/k?
4
Let r be ((-8)/2)/(-2) - 0. Suppose 10 = i + 4*i. Suppose -9 = -r*a - 3*k, 0 = -2*a - a + i*k + 46. What is the tens digit of a?
1
Suppose 3*s + 4 = 91. What is the tens digit of s?
2
Let o be 3/(-2)*(-11 + 3). What is the units digit of (-3)/(-2 + 20/o)?
9
Suppose 2 = -q + 12. Let f = q + 1. What is the units digit of f?
1
Let y = 170 - 62. What is the tens digit of y?
0
Let b(j) = 4*j - 3. Let u be b(2). Suppose -15 = i + 2*i + u*h, -2*h = i + 6. Suppose 3*z = r - 23, 3*r + i*z = -z + 19. What is the units digit of r?
8
What is the units digit of (-36)/(4 - 76/16)?
8
Suppose -10*z + 164 = -6*z. What is the tens digit of z?
4
What is the tens digit of -3*((-2075)/15)/5?
8
Suppose 0 = -2*u + 3*r - 3, -2*u + 3*r - 3 = -u. Suppose 2*n - o - 3 = 0, u*n = 5*n - 3*o - 6. What is the units digit of n?
3
Suppose 3*b = -2*b + 945. What is the hundreds digit of b?
1
Let r(g) = -g**3 + 16*g**2 + 4*g + 1. What is the tens digit of r(16)?
6
Let f(o) = o**3 - o**2 + 2*o + 109. What is the units digit of f(0)?
9
Suppose 312 = 5*n + 4*u + 19, 5*u - 295 = -5*n. What is the tens digit of n?
5
Suppose -3*z = -4*r + 512, -4*z = -8*z. What is the tens digit of r?
2
Suppose -3*p - 2 = -29. What is the units digit of p?
9
Let s be (-130)/(-18) + (-10)/45. Suppose -4 = s*b - 9*b. What is the units digit of b?
2
Let c(w) be the third derivative of -5*w**4/24 - 2*w**3/3 + w**2. Let k be c(-4). Suppose -2*q = 5*g - k, 9 = 5*q + g - 4*g. What is the units digit of q?
3
What is the tens digit of 1*(-2)/9 - 1923/(-27)?
7
Suppose 5*k + 48 = 198. Let o = -14 + k. What is the tens digit of o?
1
Let o(v) = v**2 - 1. Let l be o(2). Suppose 3*q + 0 = l. What is the units digit of q?
1
Suppose 13 - 3 = f. Suppose -5*k = q - f, 4*k + 4*q - 25 = -k. Let c = k + 12. What is the tens digit of c?
1
Suppose 2*d + 2*z = 14, 0*d - 3*d - z = -17. Suppose 0 = 4*r + 2*b + 28 + 2, d*r = 4*b - 44. Let p = r + 11. What is the units digit of p?
3
Let o be (-28)/(-6) + (-4)/(-12). Suppose 3*p + v - 37 = 2*v, 67 = 3*p + o*v. What is the units digit of (3 + 4)*4/p?
2
Let p(t) = 16*t - 1. Let l be p(1). Let m be ((-9)/15)/((-3)/l). Suppose 0 = o + m*h, -2*o - 4*h = -5*o + 52. What is the units digit of o?
2
Let m = -29 + 96. What is the tens digit of m?
6
Let r(g) = g**3 - 5*g**2 - 7*g + 9. Let u be r(6). Suppose 0 = u*q - 2*a - 6, 2 = 4*q - 3*q + 3*a. What is the units digit of q?
2
Let d = -8 + 61. Let o = d + -36. What is the units digit of o?
7
Let z(g) = g**3 + 2*g**2 + 2*g + 246. What is the units digit of z(0)?
6
Suppose -3*p - 2*p = 2*b + 15, -2*b = 2*p + 18. Let t = b + 39. What is the units digit of t?
9
Let t(o) = o**3 - 7*o**2 - 8*o + 2. Let i be t(8). Suppose -i*s + 2*x = 8, -2*x + 7 = -4*s - 17. What is the units digit of (6/s)/((-2)/8)?
3
Suppose m + 33 = 2*n, 5*n - 2*m - 99 + 15 = 0. Suppose -3*o = 2*t - 11, 0 = 5*o - 3 + n. What is the tens digit of t?
1
Let x be (-3)/((-1)/(4 - 1)). Suppose -u = -2 - x. What is the tens digit of u?
1
Let c be (-2)/((-3)/((-54)/4)). Let f = -13 - c. Let j = 2 - f. What is the units digit of j?
6
Let l be 5*(-2 + 12/5). Suppose -75 = -l*y - 5. What is the tens digit of y/3 + (-3)/(-9)?
1
Let o(y) = 6*y - 9. What is the units digit of o(15)?
1
Suppose -3*u + 24 = -3*w, -5*u + 2*w = -0*w - 40. What is the tens digit of (-3 + u)/(2/4)?
1
Let b = 25 - 18. Let f(c) = -c**3 + 4*c**2 - 3*c + 3. Let w be f(3). Suppose 5*o + 4*h - b - 23 = 0, -4*o - w*h + 23 = 0. What is the units digit of o?
2
Let x(c) = -c**3 - 7*c**2 + c + 10. Let b = 7 - 7. Suppose b = l + 4*l + 35. What is the units digit of x(l)?
3
Let u(j) = -j**2 - 13*j - 6. What is the units digit of u(-9)?
0
Suppose 3*w + 2*w - 15 = 0. Suppose -w*a = -10 - 8. Suppose 5*q = a*q - 8. What is the units digit of q?
8
Let k = -39 - -54. What is the tens digit of k?
1
Let c = 9 + -6. Suppose 2*m = c*m - 15. What is the tens digit of m?
1
Let x = 157 + -36. What is the tens digit of x?
2
Suppose t + 6 = -5. Let y = t + 5. Let r = y - -12. What is the units digit of r?
6
Let g be (-8)/(-5)*(-45)/9. Let r = g - -16. What is the units digit of r?
8
Suppose 3 - 8 = -5*n. Let z(x) = 16*x - 1. Let h be z(n). Suppose 2*v = -u - 2*v + h, 5*u - 4*v - 27 = 0. What is the units digit of u?
7
Let n(d) = -d**2 - d + 4. Let y be n(0). Let q(r) = 7*r**3 - 3*r**2 - r + 3. Let i be q(2). Suppose -y*p = p - i. What is the units digit of p?
9
What is the hundreds digit of 5/(-120)*-8*(-393)/(-1)?
1
Let u = -4 - -3. What is the units digit of -2 + (42*u)/(-3)?
2
Let a(l) = 2*l - 6. Let q be a(4). Let v = 29 - q. What is the tens digit of v?
2
Let c = 89 - -26. What is the hundreds digit of c?
1
Let d(k) = 100*k**2 + k. What is the units digit of d(-1)?
9
Suppose -4*p - c = -0*c - 88, 99 = 5*p + 4*c. What is the tens digit of p?
2
What is the tens digit of 162/9 + (-1)/(-1)?
1
Let h(w) = -2*w - 31. Let k(j) = -j - 16. Let y(i) = 2*h(i) - 5*k(i). What is the units digit of y(-8)?
0
Let n = -11 + 8. Let f = n - -15. What is the tens digit of f?
1
Let g be 0*(-4)/8 - 0. Suppose g*x + 165 = 5*x. What is the units digit of x?
3
Suppose 5*g = 3*o - 85, 2*g + 7*o = 4*o - 34. Let i = 5 - g. Suppose -91 = -5*m + 3*y, -2*m + 4 = 4*y - i. What is the units digit of m?
7
Let u be (-1 + 0)*2/1. Let p be (-4 - -4)*(-1)/u. Suppose -2*c - 2*i = -22, p*c - 65 = -5*c + 5*i. What is the tens digit of c?
1
Let q be -16*(-4)/24*-3. What is the units digit of 4*4*(-1)/q?
2
Let n = 7 + -3. Suppose -n*p = -p - 3. What is the units digit of p?
1
Suppose 4*c - 5*x - 1 = 19, 0 = -c + 5*x + 5. Suppose u + c*l = 8, -2*l = 5*u - 4*l - 13. What is the units digit of u/1*(-5)/(-3)?
5
Let o(w) = 2*w**2 - 4*w + 2. Suppose -1 - 9 = -5*v. Let a be o(v). Suppose -p + 3 = i, 0 = -a*p - 2*p - 8. What is the units digit of i?
5
Suppose -4*s = -0*s + 5*t + 26, s + 5*t = -14. Let l = s + 6. What is the units digit of ((-2)/l)/(-2 + 1)?
1
Suppose -1 = -2*o + 7. What is the units digit of o?
4
Let x be (-360)/(-14) - 6/(-21). Let c = x + 4. Let a = c - 17. What is the units digit of a?
3
Let o = 1 + 3. Suppose -o*j - 5 - 91 = 0. Let m = -14 - j. What is the units digit of m?
0
Let h(k) = k**2 + k + 2 + 2*k - k. Let o be h(-2). Suppose o*i + 8 = 6*i. What is the units digit of i?
2
Suppose -5*a + 5*r = r - 92, 2*r = 5*a - 96. What is the units digit of a?
0
Let y = -1 - -3. Let r(u) = -u + 1 + 2*u - y. What is the units digit of r(5)?
4
Suppose -k + 7 - 3 = 0. Suppose 4*r + 6 = k*q + 5*r, -2 = -2*q - r. Suppose -q*m + 18 = -6. What is the units digit of m?
2
Suppose -3*s + 382 = 76. What is the hundreds digit of s?
1
Let q be (-10)/15 - (-11)/3. Suppose -q*h = -0*h - 42. Suppose 5*p - 11 = h. What is the units digit of p?
5
Let u(l) = 14*l - 14. Let c be u(13). Suppose g - 5*g = -c. What is the tens digit of g?
4
Let k(v) = 9*v - 10. Let p be k(7). Let s = p + -37. What is the units digit of s?
6
Let l be (3/9)/((-2)/(-6)). Suppose 3*b = 4*b + l. What is the units digit of 2*b/2 + 4?
3
Suppose -x - 5*f = -2*x + 17, 2*x + 2*f + 2 = 0. Suppose 3 = x*p - 31. What is the units digit of p?
7
Let i(k) = k**2 - 6*k. Let d be i(6). Let a = 0 - d. Suppose -2*c - 5*s + s + 30 = a, c - 10 = 3*s. What is the units digit of c?
3
Let z(w) = 2*w + 10. Let q be z(-6). Let h = q + 37. What is the tens digit of h?
3
Suppose 2*c = 6*c. Suppose -t = -7 - 0. Let v = t + c. What is the units digit of v?
7
Suppose 5*m - 13 - 152 = 0. Let i = -22 + m. What is the tens digit of i?
1
Let h be (-140)/(-30) - 1/(-3). Let z = h - 2. Suppose z*v = 5*v - 20. What is the tens digit of v?
1
Let d = -13 + 11. Let h(j) = j**2 + 2*j - 1. Let c be h(d). What 